{"id":60,"date":"2013-12-13T11:24:03","date_gmt":"2013-12-13T10:24:03","guid":{"rendered":"\/portae\/?page_id=60"},"modified":"2014-01-27T20:20:21","modified_gmt":"2014-01-27T19:20:21","slug":"le-staff","status":"publish","type":"page","link":"https:\/\/www.savage-spirit.com\/portae\/le-staff\/","title":{"rendered":"Le Staff"},"content":{"rendered":"<p>Savage Spirit Radio souhaite \u00e9galement remercier chaleureusement tous ceux qui ont contribu\u00e9 &amp; soutenu la radio par leur participation \u00e9ph\u00e9m\u00e8re et ont ainsi particip\u00e9 \u00e0 la cr\u00e9ation &amp; \u00e0 l&rsquo;enrichissement de ce riche univers qu&rsquo;est Savage Spirit.<\/p>\n<p>Traducteurs, organisateurs, dessinateur, graphistes, pigistes&#8230;<br \/>\nun grand merci \u00e0 tous ceux qui nous ont offert un peu de leur temps et de leurs talents&#8230;<\/p>\n<p>Aymeric LANGLOIS, Alain GILOT, Valiel, Celia CHAPILLON de la communaut\u00e9 Steampunk Francophone<\/p>\n<p><a href=\"\/portae\/wp-content\/uploads\/2013\/12\/bandeau_block.png\"><img loading=\"lazy\" decoding=\"async\" class=\"size-full wp-image-97 aligncenter\" alt=\"bandeau_block\" src=\"\/portae\/wp-content\/uploads\/2013\/12\/bandeau_block.png\" width=\"191\" height=\"50\" srcset=\"https:\/\/www.savage-spirit.com\/portae\/wp-content\/uploads\/2013\/12\/bandeau_block.png 191w, https:\/\/www.savage-spirit.com\/portae\/wp-content\/uploads\/2013\/12\/bandeau_block-150x38.png 150w\" sizes=\"auto, (max-width: 191px) 100vw, 191px\" \/><\/a><\/p>\n<p style=\"text-align: right;\"><a href=\"\/portae\/wp-content\/uploads\/2014\/01\/cadre-staff-corrigan.jpg\"><img loading=\"lazy\" decoding=\"async\" class=\"wp-image-319 alignleft\" alt=\"cadre-staff-corrigan\" src=\"\/portae\/wp-content\/uploads\/2014\/01\/cadre-staff-corrigan.jpg\" width=\"214\" height=\"214\" srcset=\"https:\/\/www.savage-spirit.com\/portae\/wp-content\/uploads\/2014\/01\/cadre-staff-corrigan.jpg 595w, https:\/\/www.savage-spirit.com\/portae\/wp-content\/uploads\/2014\/01\/cadre-staff-corrigan-150x150.jpg 150w, https:\/\/www.savage-spirit.com\/portae\/wp-content\/uploads\/2014\/01\/cadre-staff-corrigan-300x300.jpg 300w, https:\/\/www.savage-spirit.com\/portae\/wp-content\/uploads\/2014\/01\/cadre-staff-corrigan-80x80.jpg 80w, https:\/\/www.savage-spirit.com\/portae\/wp-content\/uploads\/2014\/01\/cadre-staff-corrigan-118x118.jpg 118w, https:\/\/www.savage-spirit.com\/portae\/wp-content\/uploads\/2014\/01\/cadre-staff-corrigan-239x239.jpg 239w\" sizes=\"auto, (max-width: 214px) 100vw, 214px\" \/><\/a><strong><span style=\"text-decoration: underline;\">Mariel<\/span><\/strong><br \/>\nAnimateur de l&rsquo;\u00e9mission \u00ab\u00a0l&rsquo;Heure M\u00e9nestrelle\u00a0\u00bb<\/p>\n<p style=\"text-align: right;\">\u00ab\u00a0A travers cette \u00e9mission je pr\u00e9senterai des \u0153uvres musicales<br \/>\n\u00e9voquant les forces et les gr\u00e2ces de la nature,<br \/>\nles croyances et les traditions des peuples d\u2019Europe et du monde,<br \/>\nsugg\u00e9rant des voyages \u00e0 travers l\u2019espace et le temps.\u00a0\u00bb<\/p>\n<p>&nbsp;<\/p>\n<p>&nbsp;<\/p>\n<p style=\"text-align: center;\"><a href=\"\/portae\/wp-content\/uploads\/2013\/12\/bandeau_block.png\"><img loading=\"lazy\" decoding=\"async\" alt=\"bandeau_block\" src=\"\/portae\/wp-content\/uploads\/2013\/12\/bandeau_block.png\" width=\"191\" height=\"50\" \/><\/a><\/p>\n<p style=\"text-align: right;\"><a href=\"\/portae\/wp-content\/uploads\/2013\/12\/cadre-staff-luccio.jpg\"><img loading=\"lazy\" decoding=\"async\" class=\"alignleft  wp-image-107\" alt=\"cadre staff luccio\" src=\"\/portae\/wp-content\/uploads\/2013\/12\/cadre-staff-luccio.jpg\" width=\"214\" height=\"214\" srcset=\"https:\/\/www.savage-spirit.com\/portae\/wp-content\/uploads\/2013\/12\/cadre-staff-luccio.jpg 595w, https:\/\/www.savage-spirit.com\/portae\/wp-content\/uploads\/2013\/12\/cadre-staff-luccio-150x150.jpg 150w, https:\/\/www.savage-spirit.com\/portae\/wp-content\/uploads\/2013\/12\/cadre-staff-luccio-300x300.jpg 300w, https:\/\/www.savage-spirit.com\/portae\/wp-content\/uploads\/2013\/12\/cadre-staff-luccio-80x80.jpg 80w, https:\/\/www.savage-spirit.com\/portae\/wp-content\/uploads\/2013\/12\/cadre-staff-luccio-118x118.jpg 118w, https:\/\/www.savage-spirit.com\/portae\/wp-content\/uploads\/2013\/12\/cadre-staff-luccio-239x239.jpg 239w\" sizes=\"auto, (max-width: 214px) 100vw, 214px\" \/><\/a><span style=\"text-decoration: underline;\"><span style=\"color: #000000; text-decoration: underline;\"><b>Brau<\/b><\/span><\/span><br \/>\nChroniqueur musical<\/p>\n<p style=\"text-align: right;\">Recherches &amp; r\u00e9dactions des chroniques \u00ab\u00a0Zoom Musical\u00a0\u00bb<br \/>\nD\u00e9couvrez avec lui vos groupes, ainsi que l&rsquo;univers artistique<br \/>\npropos\u00e9 sur Savage Spirit Radio.<\/p>\n<p>&nbsp;<\/p>\n<p>&nbsp;<\/p>\n<p><a href=\"\/portae\/wp-content\/uploads\/2013\/12\/bandeau_block.png\"><img loading=\"lazy\" decoding=\"async\" class=\"aligncenter\" alt=\"bandeau_block\" src=\"\/portae\/wp-content\/uploads\/2013\/12\/bandeau_block.png\" width=\"191\" height=\"50\" \/><\/a><\/p>\n<p style=\"text-align: right;\"><a href=\"\/portae\/wp-content\/uploads\/2013\/12\/cadre-staff-aelthan.jpg\"><img loading=\"lazy\" decoding=\"async\" class=\"wp-image-386 alignleft\" alt=\"cadre staff aelthan\" src=\"\/portae\/wp-content\/uploads\/2013\/12\/cadre-staff-aelthan.jpg\" width=\"214\" height=\"214\" srcset=\"https:\/\/www.savage-spirit.com\/portae\/wp-content\/uploads\/2013\/12\/cadre-staff-aelthan.jpg 595w, https:\/\/www.savage-spirit.com\/portae\/wp-content\/uploads\/2013\/12\/cadre-staff-aelthan-150x150.jpg 150w, https:\/\/www.savage-spirit.com\/portae\/wp-content\/uploads\/2013\/12\/cadre-staff-aelthan-300x300.jpg 300w, https:\/\/www.savage-spirit.com\/portae\/wp-content\/uploads\/2013\/12\/cadre-staff-aelthan-80x80.jpg 80w, https:\/\/www.savage-spirit.com\/portae\/wp-content\/uploads\/2013\/12\/cadre-staff-aelthan-118x118.jpg 118w, https:\/\/www.savage-spirit.com\/portae\/wp-content\/uploads\/2013\/12\/cadre-staff-aelthan-239x239.jpg 239w\" sizes=\"auto, (max-width: 214px) 100vw, 214px\" \/><\/a><span style=\"text-decoration: underline;\"><b>Aelthan<\/b><\/span><br \/>\nInterviews<br \/>\nChroniqueur Savage Spirit<\/p>\n<p style=\"text-align: right;\">\n<p style=\"text-align: right;\">\n<p style=\"text-align: right;\">\n<p style=\"text-align: right;\"><a href=\"\/portae\/wp-content\/uploads\/2013\/12\/bandeau_block.png\"><img loading=\"lazy\" decoding=\"async\" class=\"aligncenter\" alt=\"bandeau_block\" src=\"\/portae\/wp-content\/uploads\/2013\/12\/bandeau_block.png\" width=\"191\" height=\"50\" \/><\/a><a href=\"\/portae\/wp-content\/uploads\/2013\/12\/cadre-staff-DAPHNE.jpg\"><img loading=\"lazy\" decoding=\"async\" class=\"alignleft  wp-image-110\" alt=\"cadre staff DAPHNE\" src=\"\/portae\/wp-content\/uploads\/2013\/12\/cadre-staff-DAPHNE.jpg\" width=\"214\" height=\"214\" srcset=\"https:\/\/www.savage-spirit.com\/portae\/wp-content\/uploads\/2013\/12\/cadre-staff-DAPHNE.jpg 595w, https:\/\/www.savage-spirit.com\/portae\/wp-content\/uploads\/2013\/12\/cadre-staff-DAPHNE-150x150.jpg 150w, https:\/\/www.savage-spirit.com\/portae\/wp-content\/uploads\/2013\/12\/cadre-staff-DAPHNE-300x300.jpg 300w, https:\/\/www.savage-spirit.com\/portae\/wp-content\/uploads\/2013\/12\/cadre-staff-DAPHNE-80x80.jpg 80w, https:\/\/www.savage-spirit.com\/portae\/wp-content\/uploads\/2013\/12\/cadre-staff-DAPHNE-118x118.jpg 118w, https:\/\/www.savage-spirit.com\/portae\/wp-content\/uploads\/2013\/12\/cadre-staff-DAPHNE-239x239.jpg 239w\" sizes=\"auto, (max-width: 214px) 100vw, 214px\" \/><\/a><span style=\"text-decoration: underline;\"><span style=\"color: #000000;\"><b>Daphn\u00e9<\/b><\/span><\/span><br \/>\nAide &amp; Gestion volante<br \/>\naux technologies de l&rsquo;audio visuel<\/p>\n<p>&nbsp;<\/p>\n<p>&nbsp;<\/p>\n<p>&nbsp;<\/p>\n<p>&nbsp;<\/p>\n<p style=\"text-align: right;\"><a href=\"\/portae\/wp-content\/uploads\/2013\/12\/cadre-staff-roxane.jpg\"><img loading=\"lazy\" decoding=\"async\" class=\"aligncenter\" alt=\"bandeau_block\" src=\"\/portae\/wp-content\/uploads\/2013\/12\/bandeau_block.png\" width=\"191\" height=\"50\" \/><img loading=\"lazy\" decoding=\"async\" class=\"alignleft  wp-image-99\" alt=\"cadre staff roxane\" src=\"\/portae\/wp-content\/uploads\/2013\/12\/cadre-staff-roxane.jpg\" width=\"214\" height=\"214\" srcset=\"https:\/\/www.savage-spirit.com\/portae\/wp-content\/uploads\/2013\/12\/cadre-staff-roxane.jpg 595w, https:\/\/www.savage-spirit.com\/portae\/wp-content\/uploads\/2013\/12\/cadre-staff-roxane-150x150.jpg 150w, https:\/\/www.savage-spirit.com\/portae\/wp-content\/uploads\/2013\/12\/cadre-staff-roxane-300x300.jpg 300w, https:\/\/www.savage-spirit.com\/portae\/wp-content\/uploads\/2013\/12\/cadre-staff-roxane-80x80.jpg 80w, https:\/\/www.savage-spirit.com\/portae\/wp-content\/uploads\/2013\/12\/cadre-staff-roxane-118x118.jpg 118w, https:\/\/www.savage-spirit.com\/portae\/wp-content\/uploads\/2013\/12\/cadre-staff-roxane-239x239.jpg 239w\" sizes=\"auto, (max-width: 214px) 100vw, 214px\" \/><\/a> <span style=\"text-decoration: underline; color: #000000;\"><b>Roxane<\/b><\/span><br \/>\nJournaliste litt\u00e9raire<br \/>\n&amp; Voix Off de la radio<\/p>\n<p style=\"text-align: right;\">Lecture et critiques d&rsquo;ouvrages litt\u00e9raires<br \/>\nallant du fantaisie au d\u00e9veloppement personnel<br \/>\nen vue d&rsquo;interviews de leurs auteurs et d&rsquo;articles blog.<\/p>\n<p style=\"text-align: right;\">\n<p style=\"text-align: right;\">\n<p style=\"text-align: right;\"><a href=\"\/portae\/wp-content\/uploads\/2013\/12\/bandeau_block.png\"><img loading=\"lazy\" decoding=\"async\" class=\"aligncenter\" alt=\"bandeau_block\" src=\"\/portae\/wp-content\/uploads\/2013\/12\/bandeau_block.png\" width=\"191\" height=\"50\" \/><\/a><\/p>\n<p style=\"text-align: right;\"><a href=\"\/portae\/wp-content\/uploads\/2013\/12\/cadre-staff-luna.jpg\"><img loading=\"lazy\" decoding=\"async\" class=\"alignleft  wp-image-101\" alt=\"cadre staff luna\" src=\"\/portae\/wp-content\/uploads\/2013\/12\/cadre-staff-luna.jpg\" width=\"214\" height=\"214\" srcset=\"https:\/\/www.savage-spirit.com\/portae\/wp-content\/uploads\/2013\/12\/cadre-staff-luna.jpg 595w, https:\/\/www.savage-spirit.com\/portae\/wp-content\/uploads\/2013\/12\/cadre-staff-luna-150x150.jpg 150w, https:\/\/www.savage-spirit.com\/portae\/wp-content\/uploads\/2013\/12\/cadre-staff-luna-300x300.jpg 300w, https:\/\/www.savage-spirit.com\/portae\/wp-content\/uploads\/2013\/12\/cadre-staff-luna-80x80.jpg 80w, https:\/\/www.savage-spirit.com\/portae\/wp-content\/uploads\/2013\/12\/cadre-staff-luna-118x118.jpg 118w, https:\/\/www.savage-spirit.com\/portae\/wp-content\/uploads\/2013\/12\/cadre-staff-luna-239x239.jpg 239w\" sizes=\"auto, (max-width: 214px) 100vw, 214px\" \/><\/a><span style=\"text-decoration: underline;\"><b><span style=\"color: #000000; text-decoration: underline;\">Luna<\/span><br \/>\n<\/b><\/span>Journaliste Ressources Radio<br \/>\n&amp; Animatrice Voix Off<\/p>\n<div style=\"text-align: right;\"><\/div>\n<div style=\"text-align: right;\">Ses recherches sont une grande ressources<br \/>\npour l&rsquo;\u00e9quipe radio et touchent toutes sorte de sujet&#8230;<br \/>\nUn travail m\u00e9ticuleux au service de la radio,<br \/>\nlorsqu&rsquo;elle ne pr\u00eate pas sa voix \u00e0 diff\u00e9rents articles<br \/>\nou \u00e0 la lecture des messages de guidance.<\/div>\n<div style=\"text-align: right;\"><\/div>\n<div style=\"text-align: right;\"><\/div>\n<div style=\"text-align: right;\"><a href=\"\/portae\/wp-content\/uploads\/2013\/12\/bandeau_block.png\"><img loading=\"lazy\" decoding=\"async\" class=\"aligncenter\" alt=\"bandeau_block\" src=\"\/portae\/wp-content\/uploads\/2013\/12\/bandeau_block.png\" width=\"191\" height=\"50\" \/><\/a><a href=\"\/portae\/wp-content\/uploads\/2013\/12\/cadre-staff-noshiba.jpg\"><img loading=\"lazy\" decoding=\"async\" class=\"alignleft  wp-image-104\" alt=\"cadre staff noshiba\" src=\"\/portae\/wp-content\/uploads\/2013\/12\/cadre-staff-noshiba.jpg\" width=\"214\" height=\"214\" srcset=\"https:\/\/www.savage-spirit.com\/portae\/wp-content\/uploads\/2013\/12\/cadre-staff-noshiba.jpg 595w, https:\/\/www.savage-spirit.com\/portae\/wp-content\/uploads\/2013\/12\/cadre-staff-noshiba-150x150.jpg 150w, https:\/\/www.savage-spirit.com\/portae\/wp-content\/uploads\/2013\/12\/cadre-staff-noshiba-300x300.jpg 300w, https:\/\/www.savage-spirit.com\/portae\/wp-content\/uploads\/2013\/12\/cadre-staff-noshiba-80x80.jpg 80w, https:\/\/www.savage-spirit.com\/portae\/wp-content\/uploads\/2013\/12\/cadre-staff-noshiba-118x118.jpg 118w, https:\/\/www.savage-spirit.com\/portae\/wp-content\/uploads\/2013\/12\/cadre-staff-noshiba-239x239.jpg 239w\" sizes=\"auto, (max-width: 214px) 100vw, 214px\" \/><\/a><b><span style=\"text-decoration: underline; color: #000000;\">Noshiba<\/span><br \/>\n<\/b>Infographiste aux Photos Radio<br \/>\nRetouches &amp; effets sp\u00e9ciaux photos.<\/div>\n<div style=\"text-align: right;\"><\/div>\n<div style=\"text-align: right;\"><\/div>\n<div style=\"text-align: right;\"><\/div>\n<div style=\"text-align: right;\"><\/div>\n<div style=\"text-align: right;\"><\/div>\n<div style=\"text-align: right;\"><\/div>\n<div style=\"text-align: right;\"><\/div>\n<div style=\"text-align: right;\"><\/div>\n<div style=\"text-align: right;\"><a href=\"\/portae\/wp-content\/uploads\/2013\/12\/bandeau_block.png\"><img loading=\"lazy\" decoding=\"async\" class=\"aligncenter\" alt=\"bandeau_block\" src=\"\/portae\/wp-content\/uploads\/2013\/12\/bandeau_block.png\" width=\"191\" height=\"50\" \/><\/a><a href=\"\/portae\/wp-content\/uploads\/2013\/12\/cadre-staff-ils\u00e9e.jpg\"><img loading=\"lazy\" decoding=\"async\" class=\"alignleft  wp-image-105\" alt=\"cadre staff ils\u00e9e\" src=\"\/portae\/wp-content\/uploads\/2013\/12\/cadre-staff-ils\u00e9e.jpg\" width=\"214\" height=\"214\" srcset=\"https:\/\/www.savage-spirit.com\/portae\/wp-content\/uploads\/2013\/12\/cadre-staff-ils\u00e9e.jpg 595w, https:\/\/www.savage-spirit.com\/portae\/wp-content\/uploads\/2013\/12\/cadre-staff-ils\u00e9e-150x150.jpg 150w, https:\/\/www.savage-spirit.com\/portae\/wp-content\/uploads\/2013\/12\/cadre-staff-ils\u00e9e-300x300.jpg 300w, https:\/\/www.savage-spirit.com\/portae\/wp-content\/uploads\/2013\/12\/cadre-staff-ils\u00e9e-80x80.jpg 80w, https:\/\/www.savage-spirit.com\/portae\/wp-content\/uploads\/2013\/12\/cadre-staff-ils\u00e9e-118x118.jpg 118w, https:\/\/www.savage-spirit.com\/portae\/wp-content\/uploads\/2013\/12\/cadre-staff-ils\u00e9e-239x239.jpg 239w\" sizes=\"auto, (max-width: 214px) 100vw, 214px\" \/><\/a><span style=\"text-decoration: underline; color: #000000;\"><b>Ils\u00e9e<\/b><\/span><br \/>\nTraductrice \u00e9v\u00e8nementiels<br \/>\n&amp; Voix Off de la radio<\/div>\n<div style=\"text-align: right;\"><\/div>\n<p style=\"text-align: right;\">Sa Douce voix vous guide et vous emporte<br \/>\ndepuis la cr\u00e9ation de la radio dans les tr\u00e9fonds de Savage Spirit&#8230;<\/p>\n<div style=\"text-align: right;\"><\/div>\n<div style=\"text-align: right;\"><\/div>\n<div style=\"text-align: right;\"><\/div>\n<div style=\"text-align: right;\"><\/div>\n<div style=\"text-align: right;\"><\/div>\n<h2 style=\"text-align: center;\"><a href=\"\/portae\/wp-content\/uploads\/2013\/12\/bandeau_block.png\"><img loading=\"lazy\" decoding=\"async\" class=\"aligncenter\" alt=\"bandeau_block\" src=\"\/portae\/wp-content\/uploads\/2013\/12\/bandeau_block.png\" width=\"191\" height=\"50\" \/><\/a><span style=\"color: #000000;\">Ils sont \u00e0 l&rsquo;origine de cette Radio<\/span><\/h2>\n<p style=\"text-align: center;\"><a href=\"\/portae\/wp-content\/uploads\/2013\/12\/bandeau_block.png\"><img loading=\"lazy\" decoding=\"async\" class=\"aligncenter\" alt=\"bandeau_block\" src=\"\/portae\/wp-content\/uploads\/2013\/12\/bandeau_block.png\" width=\"115\" height=\"30\" \/><\/a><\/p>\n<h2 style=\"text-align: right;\"><a href=\"\/portae\/wp-content\/uploads\/2013\/12\/cadre-staff-KOOALIA.jpg\"><img loading=\"lazy\" decoding=\"async\" class=\"alignleft  wp-image-111\" alt=\"cadre staff KOOALIA\" src=\"\/portae\/wp-content\/uploads\/2013\/12\/cadre-staff-KOOALIA.jpg\" width=\"357\" height=\"357\" srcset=\"https:\/\/www.savage-spirit.com\/portae\/wp-content\/uploads\/2013\/12\/cadre-staff-KOOALIA.jpg 595w, https:\/\/www.savage-spirit.com\/portae\/wp-content\/uploads\/2013\/12\/cadre-staff-KOOALIA-150x150.jpg 150w, https:\/\/www.savage-spirit.com\/portae\/wp-content\/uploads\/2013\/12\/cadre-staff-KOOALIA-300x300.jpg 300w, https:\/\/www.savage-spirit.com\/portae\/wp-content\/uploads\/2013\/12\/cadre-staff-KOOALIA-80x80.jpg 80w, https:\/\/www.savage-spirit.com\/portae\/wp-content\/uploads\/2013\/12\/cadre-staff-KOOALIA-118x118.jpg 118w, https:\/\/www.savage-spirit.com\/portae\/wp-content\/uploads\/2013\/12\/cadre-staff-KOOALIA-239x239.jpg 239w\" sizes=\"auto, (max-width: 357px) 100vw, 357px\" \/><\/a><strong><\/strong><\/h2>\n<h2 style=\"text-align: right;\"><\/h2>\n<h2 style=\"text-align: right;\"><span style=\"color: #000000;\"><strong>Kooalia<\/strong><\/span><\/h2>\n<p style=\"text-align: right;\">Fondateur de la web radio \u00ab\u00a0Darko\u00efd Radio\u00a0\u00bb en 2011.<br \/>\nJournaliste Photos \u00c9v\u00e9nementiels &#8211; Animateur Live<br \/>\nDarko\u00efd \u00e9met \u00e0 ce jour 24H\/24 partout dans le monde.<br \/>\nRadio ayant pour but de promouvoir une certaine forme<br \/>\nde musique minoritaire issue des branches dites<br \/>\nDarkWave &amp; Pagan Folk.<br \/>\nEn 2012 il \u00e9tend la radio en ouvrant un second canal de diffusion:<br \/>\n&#8211; l&rsquo;Onde Savage Spirit &#8211;<\/p>\n<p style=\"text-align: right;\">Ing\u00e9nieur de diffusion &amp; web d\u00e9veloppeur<br \/>\nde la Web Radio actuelle Savage Spirit.<\/p>\n<p style=\"text-align: right;\"><a href=\"\/portae\/wp-content\/uploads\/2013\/12\/bandeau_block.png\"><img loading=\"lazy\" decoding=\"async\" class=\"aligncenter\" alt=\"bandeau_block\" src=\"\/portae\/wp-content\/uploads\/2013\/12\/bandeau_block.png\" width=\"115\" height=\"30\" \/><\/a><\/p>\n<h2 style=\"text-align: right;\"><a href=\"\/portae\/wp-content\/uploads\/2013\/12\/cadre-staff-eloa.jpg\"><img loading=\"lazy\" decoding=\"async\" class=\"wp-image-112 alignleft\" alt=\"cadre staff eloa\" src=\"\/portae\/wp-content\/uploads\/2013\/12\/cadre-staff-eloa.jpg\" width=\"357\" height=\"357\" srcset=\"https:\/\/www.savage-spirit.com\/portae\/wp-content\/uploads\/2013\/12\/cadre-staff-eloa.jpg 595w, https:\/\/www.savage-spirit.com\/portae\/wp-content\/uploads\/2013\/12\/cadre-staff-eloa-150x150.jpg 150w, https:\/\/www.savage-spirit.com\/portae\/wp-content\/uploads\/2013\/12\/cadre-staff-eloa-300x300.jpg 300w, https:\/\/www.savage-spirit.com\/portae\/wp-content\/uploads\/2013\/12\/cadre-staff-eloa-80x80.jpg 80w, https:\/\/www.savage-spirit.com\/portae\/wp-content\/uploads\/2013\/12\/cadre-staff-eloa-118x118.jpg 118w, https:\/\/www.savage-spirit.com\/portae\/wp-content\/uploads\/2013\/12\/cadre-staff-eloa-239x239.jpg 239w\" sizes=\"auto, (max-width: 357px) 100vw, 357px\" \/><\/a><\/h2>\n<h2 style=\"text-align: right;\"><span style=\"color: #000000;\"><strong>Emilie (Eloa)<\/strong><\/span><\/h2>\n<p style=\"text-align: right;\">Initiatrice du projet Savage Spirit Radio.<br \/>\nInfographiste de la radio actuelle,<br \/>\nelle cr\u00e9e l&rsquo;identit\u00e9 visuelle de l&rsquo;univers audio visuel de Savage Spirit.<br \/>\nResponsable diffusion, et coordinatrice de l&rsquo;\u00e9quipe radio.<br \/>\nJournaliste Photos \u00c9v\u00e9nementiels<br \/>\n&amp; Animatrice de ses programmations.<\/p>\n<p style=\"text-align: right;\">Savage Spirit vise \u00e0 promouvoir un univers alternatif:<br \/>\nMusique du monde, New age, Pagan Folk, Chamanique etc&#8230;<\/p>\n<p style=\"text-align: right;\">\u00a0\u00a0\u00a0\u00a0\u00a0\u00a0\u00a0\u00a0\u00a0\u00a0\u00a0\u00a0\u00a0\u00a0\u00a0\u00a0\u00a0\u00a0\u00a0\u00a0\u00a0\u00a0\u00a0\u00a0\u00a0\u00a0\u00a0\u00a0\u00a0\u00a0\u00a0\u00a0\u00a0\u00a0\u00a0\u00a0\u00a0\u00a0\u00a0\u00a0\u00a0\u00a0\u00a0\u00a0\u00a0\u00a0\u00a0\u00a0\u00a0\u00a0\u00a0\u00a0\u00a0\u00a0\u00a0\u00a0\u00a0\u00a0\u00a0\u00a0\u00a0\u00a0 La radio s&rsquo;affirme en 2012 en proposant un large panel d&rsquo;\u00e9missions et reportages \u00e0 th\u00e8me<br \/>\nainsi que d&rsquo;interviews des groupes que nous diffusons.<\/p>\n","protected":false},"excerpt":{"rendered":"<p>Savage Spirit Radio souhaite \u00e9galement remercier chaleureusement tous ceux qui ont contribu\u00e9 &amp; soutenu la radio par leur participation \u00e9ph\u00e9m\u00e8re et ont ainsi particip\u00e9 \u00e0 la cr\u00e9ation &amp; \u00e0 l&rsquo;enrichissement de ce riche univers qu&rsquo;est Savage Spirit. Traducteurs, organisateurs, dessinateur, graphistes, pigistes&#8230; un grand merci \u00e0 tous ceux qui nous ont offert un peu de&#8230;<\/p>\n","protected":false},"author":1,"featured_media":0,"parent":0,"menu_order":0,"comment_status":"open","ping_status":"open","template":"","meta":{"footnotes":""},"class_list":["post-60","page","type-page","status-publish","hentry"],"_links":{"self":[{"href":"https:\/\/www.savage-spirit.com\/portae\/wp-json\/wp\/v2\/pages\/60","targetHints":{"allow":["GET"]}}],"collection":[{"href":"https:\/\/www.savage-spirit.com\/portae\/wp-json\/wp\/v2\/pages"}],"about":[{"href":"https:\/\/www.savage-spirit.com\/portae\/wp-json\/wp\/v2\/types\/page"}],"author":[{"embeddable":true,"href":"https:\/\/www.savage-spirit.com\/portae\/wp-json\/wp\/v2\/users\/1"}],"replies":[{"embeddable":true,"href":"https:\/\/www.savage-spirit.com\/portae\/wp-json\/wp\/v2\/comments?post=60"}],"version-history":[{"count":20,"href":"https:\/\/www.savage-spirit.com\/portae\/wp-json\/wp\/v2\/pages\/60\/revisions"}],"predecessor-version":[{"id":98,"href":"https:\/\/www.savage-spirit.com\/portae\/wp-json\/wp\/v2\/pages\/60\/revisions\/98"}],"wp:attachment":[{"href":"https:\/\/www.savage-spirit.com\/portae\/wp-json\/wp\/v2\/media?parent=60"}],"curies":[{"name":"wp","href":"https:\/\/api.w.org\/{rel}","templated":true}]}}