{"id":273,"date":"2013-12-18T10:28:27","date_gmt":"2013-12-18T09:28:27","guid":{"rendered":"\/portae\/?page_id=273"},"modified":"2014-01-15T15:50:52","modified_gmt":"2014-01-15T14:50:52","slug":"faire-un-don","status":"publish","type":"page","link":"https:\/\/www.savage-spirit.com\/portae\/faire-un-don\/","title":{"rendered":"\u2665 FAIRE UN DON \u2665"},"content":{"rendered":"<p><a href=\"\/portae\/wp-content\/uploads\/2013\/12\/soutientradio.png\"><img loading=\"lazy\" decoding=\"async\" class=\"aligncenter size-full wp-image-306\" alt=\"soutientradio\" src=\"\/portae\/wp-content\/uploads\/2013\/12\/soutientradio.png\" width=\"556\" height=\"209\" srcset=\"https:\/\/www.savage-spirit.com\/portae\/wp-content\/uploads\/2013\/12\/soutientradio.png 556w, https:\/\/www.savage-spirit.com\/portae\/wp-content\/uploads\/2013\/12\/soutientradio-300x112.png 300w\" sizes=\"auto, (max-width: 556px) 100vw, 556px\" \/><\/a><\/p>\n<h1 style=\"text-align: center;\">Merci pour tous vos DONS<\/h1>\n<p><a href=\"\/portae\/wp-content\/uploads\/2013\/12\/bandeau_block.png\"><img loading=\"lazy\" decoding=\"async\" class=\"aligncenter size-full wp-image-97\" alt=\"bandeau_block\" src=\"\/portae\/wp-content\/uploads\/2013\/12\/bandeau_block.png\" width=\"191\" height=\"50\" srcset=\"https:\/\/www.savage-spirit.com\/portae\/wp-content\/uploads\/2013\/12\/bandeau_block.png 191w, https:\/\/www.savage-spirit.com\/portae\/wp-content\/uploads\/2013\/12\/bandeau_block-150x38.png 150w\" sizes=\"auto, (max-width: 191px) 100vw, 191px\" \/><\/a><\/p>\n<p>Il \u00e9tait indispensable pour nous de vous remercier sinc\u00e8rement pour tous le soutien que vous offrez depuis ses d\u00e9buts \u00e0 la Radio Libre Savage Spirit. Cette nouvelle ann\u00e9e 2014 voit apparaitre la nouvelle version de notre radio avec son site officiel, et nous esp\u00e9rons pouvoir continuer encore longtemps de vous offrir des musiques envoutantes autant que de pouvoir vous emmener \u00e0 la rencontre de personnalit\u00e9s fascinantes et nourrissant votre philosophie de vie&#8230;<\/p>\n<p><center\/<input type=\"hidden\" name=\"hosted_button_id\" value=\"EHJQ44B5TEJW4\" \/><\/p>\n<p style=\"text-align: center;\">\n<form action=\"https:\/\/www.paypal.com\/cgi-bin\/webscr\" method=\"post\" target=\"_top\"><input type=\"image\" alt=\"PayPal - la solution de paiement en ligne la plus simple et la plus s\u00e9curis\u00e9e !\" name=\"submit\" src=\"https:\/\/www.paypalobjects.com\/fr_FR\/FR\/i\/btn\/btn_donateCC_LG.gif\" \/><br \/>\n<img loading=\"lazy\" decoding=\"async\" alt=\"\" src=\"https:\/\/www.paypalobjects.com\/fr_FR\/i\/scr\/pixel.gif\" width=\"1\" height=\"1\" border=\"0\" \/><\/form>\n<p style=\"text-align: center;\"><a href=\"\/portae\/wp-content\/uploads\/2013\/12\/bandeau_block.png\"><img loading=\"lazy\" decoding=\"async\" class=\"aligncenter  wp-image-97\" alt=\"bandeau_block\" src=\"\/portae\/wp-content\/uploads\/2013\/12\/bandeau_block.png\" width=\"115\" height=\"30\" srcset=\"https:\/\/www.savage-spirit.com\/portae\/wp-content\/uploads\/2013\/12\/bandeau_block.png 191w, https:\/\/www.savage-spirit.com\/portae\/wp-content\/uploads\/2013\/12\/bandeau_block-150x38.png 150w\" sizes=\"auto, (max-width: 115px) 100vw, 115px\" \/><\/a><\/p>\n<p><\/center><br \/>\n&nbsp;<\/p>\n<h2><span style=\"text-decoration: underline; color: #333300;\"><strong>A quoi serviront vos DONS?<\/strong><\/span><\/h2>\n<h2><\/h2>\n<p>Savage Spirit Radio c&rsquo;est une \u00e9quipe d&rsquo;une dizaine de personnes, offrant beaucoup de leur temps, plein d&rsquo;initiative et de cr\u00e9ativit\u00e9, mais cet univers radio c&rsquo;est aussi du financement pour la diffusion ainsi que pour du mat\u00e9riel, des d\u00e9placements chaque ann\u00e9e en Europe afin d&rsquo;interviewer vos groupes pr\u00e9f\u00e9r\u00e9s&#8230;<\/p>\n<p>L&rsquo;intervention de certains professionnels sur notre onde radio peut \u00e9galement occasionner certains frais de d\u00e9placements, mais reste indispensable afin de vous offrir des \u00e9missions \u00e0 th\u00e8mes et diversifi\u00e9es.<\/p>\n<p>&nbsp;<\/p>\n<p>La cr\u00e9ation de cette radio, et sa gestion, sont uniquement v\u00e9hicul\u00e9s par notre passion \u00e0 faire du bonheur, et du bien \u00eatre une philosophie de vie que nous esp\u00e9rons pouvoir continuer de partager encore tr\u00e8s longtemps avec vous. Par son orientation plut\u00f4t alternative, nous r\u00e9unissons dans nos soutiens des univers pourtant tr\u00e8s diff\u00e9rents les uns des autres, mais le meilleur soutient que peut esp\u00e9rer une radio libre reste celui de ses auditeurs. Aussi n&rsquo;h\u00e9sitez pas \u00e0 nous communiquer vos envies, vos attentes quant \u00e0 l&rsquo;orientation des \u00e9missions, car c&rsquo;est avant tout notre objectif: vous r\u00e9galer! <b><span style=\"font-family: Arial; font-size: x-large;\">\u2665<\/span><\/b><\/p>\n","protected":false},"excerpt":{"rendered":"<p>Merci pour tous vos DONS Il \u00e9tait indispensable pour nous de vous remercier sinc\u00e8rement pour tous le soutien que vous offrez depuis ses d\u00e9buts \u00e0 la Radio Libre Savage Spirit. Cette nouvelle ann\u00e9e 2014 voit apparaitre la nouvelle version de notre radio avec son site officiel, et nous esp\u00e9rons pouvoir continuer encore longtemps de vous&#8230;<\/p>\n","protected":false},"author":1,"featured_media":0,"parent":0,"menu_order":0,"comment_status":"open","ping_status":"open","template":"","meta":{"footnotes":""},"class_list":["post-273","page","type-page","status-publish","hentry"],"_links":{"self":[{"href":"https:\/\/www.savage-spirit.com\/portae\/wp-json\/wp\/v2\/pages\/273","targetHints":{"allow":["GET"]}}],"collection":[{"href":"https:\/\/www.savage-spirit.com\/portae\/wp-json\/wp\/v2\/pages"}],"about":[{"href":"https:\/\/www.savage-spirit.com\/portae\/wp-json\/wp\/v2\/types\/page"}],"author":[{"embeddable":true,"href":"https:\/\/www.savage-spirit.com\/portae\/wp-json\/wp\/v2\/users\/1"}],"replies":[{"embeddable":true,"href":"https:\/\/www.savage-spirit.com\/portae\/wp-json\/wp\/v2\/comments?post=273"}],"version-history":[{"count":12,"href":"https:\/\/www.savage-spirit.com\/portae\/wp-json\/wp\/v2\/pages\/273\/revisions"}],"predecessor-version":[{"id":383,"href":"https:\/\/www.savage-spirit.com\/portae\/wp-json\/wp\/v2\/pages\/273\/revisions\/383"}],"wp:attachment":[{"href":"https:\/\/www.savage-spirit.com\/portae\/wp-json\/wp\/v2\/media?parent=273"}],"curies":[{"name":"wp","href":"https:\/\/api.w.org\/{rel}","templated":true}]}}